t b be q(-6). Suppose 9*n - n = b. Calculate the highest common divisor of n and 32.
16
Let j(p) = 225*p + 68. Let y be j(-5). Let u = -781 - y. Calculate the highest common divisor of u and 12.
12
Let x = 8817 - 8181. Calculate the greatest common divisor of x and 672.
12
Let q = -318 + 470. Let u be -19*(21 + -5)/(-16). Calculate the greatest common factor of q and u.
19
Let w(d) be the second derivative of 5*d**3/6 - d**2 - 4*d. Let p be w(2). Let l = -98 - -162. Calculate the greatest common factor of l and p.
8
Let b = 694 - 661. Suppose j = -10*x + 6*x + 61, -3*x = -j + b. Suppose -3*k + 12 = 0, 0*q + 5*k = 5*q - 130. Calculate the greatest common divisor of q and j.
15
Let w = -3970 - -5055. What is the highest common divisor of w and 70?
35
Suppose -492*i + 917 = -487*i - 3*c, 4*i - 731 = 5*c. Let z = 84 - -54. What is the highest common factor of i and z?
46
Let x be (-143)/(20 - 7) - -12. What is the highest common factor of x and 204?
1
Let j(p) = 7 + 22*p - 58*p + 37*p. Let y be j(7). Calculate the greatest common factor of 42 and y.
14
Let y be 19 + 31/(682/(-88)). Let k(d) = -d + 7. Let r be k(4). Suppose r*b - 47 = 43. What is the highest common factor of y and b?
15
Let u be (460/2)/(18/(7 - -2)). What is the greatest common factor of 125 and u?
5
Let p = -353 + -161. Let n = p + 569. What is the highest common factor of 88 and n?
11
Let l be (1/((-8)/76) - 5)*-36. Suppose 2*z - l = z. Calculate the greatest common factor of z and 18.
18
Let q be (2/2)/((-4)/(-12)). Suppose 6*l = 2*l - q*r + 43, 0 = 2*l + r - 19. Let n be -4*36/(-192)*16/12. Calculate the greatest common divisor of n and l.
1
Suppose 11*p + 50*p = 45567. Calculate the greatest common factor of 36 and p.
9
Let j(p) = -367*p + 2769. Let f be j(7). What is the highest common factor of 64 and f?
8
Suppose 16*z - 10*z - 24 = 0. Suppose -4*n + 116 = 3*q, -z*n = 13*q - 12*q - 108. What is the highest common factor of n and 351?
13
Suppose 3*r = -r + 256. Suppose -2*g + 4 = 0, -5*z - 4*g = -5*g - 118. Calculate the greatest common divisor of z and r.
8
Let x be (-7)/(-14)*16 - -78. Suppose 26 = b + 8*r - 13*r, 5*b - 3*r - x = 0. What is the greatest common divisor of 272 and b?
16
Suppose 0 = -4*c + 10*h - 9*h + 510, -4*c + 506 = -3*h. Calculate the greatest common factor of c and 36.
4
Let g be 276 - (-1 - (0 - -2) - -5). Let j(y) = -9*y + 22. Let s be j(2). Suppose 38 + g = s*v. What is the greatest common divisor of 26 and v?
26
Let a(l) = 3*l**2 - 35*l + 86. Let t be a(3). What is the highest common factor of 1604 and t?
4
Let r = -16150 + 16248. What is the greatest common divisor of r and 1813?
49
Let m = 2793 + -2973. Let w = 351 - 72. Let a = m + w. What is the highest common divisor of a and 9?
9
Let x be (-1452)/(-605)*24070/4. Calculate the greatest common factor of 58 and x.
58
Let a(p) = 38*p**2 + 4*p - 1. Let r = -51 - -49. Let s be a(r). What is the highest common factor of 52 and s?
13
Let h = 22993 + -18970. What is the highest common factor of 27 and h?
27
Let z be 6/(8/84 - 0). Suppose 8*k = 1 + 15. Suppose k*f + 299 = 313. Calculate the greatest common factor of f and z.
7
Let b be ((-18496)/44)/(-2) - 2/11. Calculate the greatest common divisor of b and 651.
21
Let n(f) = -f**2 - 11*f - 25. Let b be n(-5). Suppose i = -x + 14, -i = -b*x - 4*i + 80. Calculate the greatest common factor of x and 19.
19
Let v = 25 + -21. Suppose -2*q = -v - 32. What is the highest common divisor of q and 2?
2
Let l(y) = 248*y - 2811. Let u be l(15). What is the highest common factor of u and 144?
9
Let l = 2626 - 2574. What is the greatest common divisor of 52 and l?
52
Let o(z) = 2*z**3 + 3*z**2 - 6*z. Let l be o(3). Suppose -9*a + 10 = -53. What is the greatest common divisor of a and l?
7
Let p = -22 - -40. Suppose 17*w = -47*w + 2304. Calculate the highest common factor of w and p.
18
Let u = 1428 + -578. Let n = -574 - -608. What is the highest common factor of u and n?
34
Suppose -67 = -3*h - 5*a, -46 = -2*h - 5*a - 3. Let p = 821752 + -821746. Calculate the highest common factor of h and p.
6
Let k be (-4)/(10/(6*-255)). Calculate the highest common divisor of k and 1989.
153
Let d(t) = -13*t + 156. Let q be d(12). Suppose q = -o + 3*s + 28, -s = -o - 2*s + 28. Let y = 99 + -71. Calculate the highest common divisor of o and y.
28
Let d(j) = j**3 - 21*j**2 - 5*j + 134. Let g be d(21). What is the greatest common divisor of 2668 and g?
29
Let m(c) = -c**2 - 114*c - 832. Let o be m(-106). Calculate the highest common divisor of 812 and o.
4
Let d(f) = -2*f**2 + 4*f + 10. Let n be d(3). Suppose -169 = -n*v - k, -4*v - 43*k + 178 = -45*k. Calculate the highest common divisor of v and 602.
43
Suppose -71*c + 6783 + 2996 = -7687. Calculate the highest common factor of 3075 and c.
123
Let f be (-1)/2*(-1060)/5. Let x(p) = 3*p**3 + 58*p**2 + 265*p + 9. Let j be x(-10). Calculate the highest common divisor of j and f.
53
Let x(c) = -2*c + 12. Let o be x(4). Suppose 6*n = o*n - 2*w + 20, -4*n + 2*w = -22. Let d be 28*-3*(-3)/9. What is the highest common divisor of n and d?
7
Let v be ((-99)/(-4))/(31/620*35/329). Calculate the greatest common factor of v and 36.
9
Let y be 95/(2/(-2)) + 6 + -7. Let q be 0 - 4204/(-14) - y/(-336). Calculate the greatest common divisor of q and 60.
60
Suppose -24*n + 38*n - 8440 - 7884 = 0. What is the highest common factor of 88 and n?
22
Let c(o) be the third derivative of 151*o**4/8 + 19*o**3/6 - 3*o**2 + 91*o. Let z be c(2). What is the highest common divisor of 25 and z?
25
Suppose g = -g - 9*g. Suppose g = -2*z - 20 + 320. Let p = 95 + -65. Calculate the highest common factor of p and z.
30
Let b(a) = -a**2 - 5*a - 3. Let r be b(-2). Suppose r*s = s. Suppose s = 4*l - 2*l - 360. What is the highest common divisor of l and 72?
36
Let o = -5900 + 6276. Calculate the greatest common divisor of o and 10.
2
Suppose m = -5*g + 23207, -5*m + 209*g - 206*g = -116035. What is the highest common divisor of 23 and m?
23
Let b be 2/(-10) + 6*74180/150. What is the highest common factor of b and 138?
69
Let q(b) = -2*b**3 - 3*b**2 + 7*b. Let c be q(-4). Let z be 42/(-12)*c/(-7). What is the greatest common factor of z and 234?
26
Suppose -36 + 52 = 2*a, -5*d + 3*a = -131. Calculate the greatest common factor of 64573 and d.
31
Suppose -f - 7095 = -6*f. Suppose -328413 = -145*t - 322178. Calculate the greatest common divisor of f and t.
43
Suppose 25*l - 109*l + 2268 = 0. What is the highest common divisor of l and 132?
3
Let a(f) = -f**2 - 13*f. Let q be a(-15). Let z = q - -33. Let l(o) = -o**3 + 3*o**2 + 4*o - 3. Let x be l(z). Calculate the highest common divisor of x and 81.
9
Let d(h) = -51*h + h**2 - 82*h + 7 + 120*h. Suppose -36 = -2*a - 5*w, 3*a + 5*w + 0*w = 49. Let x be d(a). Calculate the greatest common divisor of 7 and x.
7
Let p be 116/(-87)*(-2697)/4. Calculate the highest common factor of p and 551.
29
Suppose 0 = 4*c + f - 51, 5*c - 4*f = 50 + 19. Let x = 14 + 9. Let n = x - c. What is the greatest common divisor of n and 30?
10
Let g(y) = 36*y + 8. Let d be g(6). Let x(a) = -96*a + 58. Let n be x(-11). Let p = 1128 - n. Calculate the greatest common factor of d and p.
14
Let t = 9 - 5. Suppose -10*m + 280 = t*m. Suppose 2 - m = -o. What is the greatest common factor of o and 6?
6
Suppose -s - 4*s + 75 = 0. Let a = -52 + 20. Let r = a - -137. What is the greatest common factor of s and r?
15
Let i be 19/((-152)/(-12800)) - (2 + 5). What is the highest common factor of i and 590?
59
Let f(v) = 173*v**2 + 2*v - 1. Let p be f(1). Let d(i) = i**3 + 5*i**2 - 5*i + 18. Let x be d(-6). Calculate the greatest common divisor of x and p.
6
Suppose -2*x - 5*d - 10 = 0, -3*x + 0*x - 3*d = 6. Suppose -8*k - 5*k = x. Suppose 6*j + 10 - 22 = k. Calculate the greatest common divisor of 4 and j.
2
Let i = -95 + 92. Let c be ((-45)/21 - i)/((-10)/(-70)). Calculate the greatest common divisor of c and 138.
6
Let p(h) = -4*h + 48. Let y(r) = -r. Let z be 4 + 2*3/(-2). Let f(g) = z*p(g) - 3*y(g). Let a be f(21). Calculate the highest common factor of a and 243.
27
Suppose -703*z + 915 = -642*z. What is the greatest common divisor of 17250 and z?
15
Suppose 9*t + 14 = 32. Suppose 1025 = -t*a + 7*a. Let q = a - 95. What is the greatest common fact